- -14) + -10 + -3 + 54?
21
Suppose -4*s - 5*x = -3*s - 80, 5*s - 3*x - 428 = 0. Calculate the remainder when s is divided by 4.
1
Suppose -m - 5 = t, -3*m + 5*m + 13 = -3*t. Let b(s) = -4*s - 2. Let f(h) = -h. Let l(q) = b(q) + f(q). Calculate the remainder when 38 is divided by l(t).
12
Let u(p) = -15*p - 30. Let w be (3 - -1)/(-7 + 5). Let c be -10*(w + (-32)/(-10)). What is the remainder when u(c) is divided by 38?
36
Let b = 1308 - 1233. Let j(g) = -g**3 + 8*g**2 - 7*g + 3. Let q be j(7). Suppose c + q*u - 27 = u, 5*c = u + 91. What is the remainder when b is divided by c?
18
Suppose -10*m + 45 = -295. What is the remainder when 118 is divided by m?
16
Let x(l) = -l**2 + 17*l + 20. Let s(z) = -71*z + 1. Let a(b) = -b. Let y(v) = -2*a(v) + s(v). What is the remainder when y(-1) is divided by x(16)?
34
Suppose -2*u + 7*l + 4 = 5*l, -4*l = u + 8. Suppose u*n - 48 = -3*b + n, -16 = -b + n. Calculate the remainder when 56 is divided by b.
8
Let i = 192 + -112. Suppose -i = -3*m + 274. What is the remainder when m is divided by 30?
28
Let z(x) = -6*x - 5*x + 4*x + 1 + 3*x. Let g be z(-1). Suppose -45 = -3*q - 3*p, g*q + p = 60 + 35. What is the remainder when 58 is divided by q?
18
Let g(z) = z**2 + 6*z - 12. Let n be g(-9). Let u be 81/n - 4/10. Suppose q = u*q - 52. Calculate the remainder when 64 is divided by q.
12
Suppose n + 34 = -4*t + 4*n, 3*n - 24 = 3*t. What is the remainder when 30 is divided by t*((-48)/(-15) - 4)?
6
Let a(f) = 14*f**2 - 10*f - 9. What is the remainder when 72 is divided by a(-1)?
12
Suppose 6*y - 23*y = -4709. Calculate the remainder when y is divided by 28.
25
Suppose 9*f - 145 = -28. What is the remainder when 75 is divided by f?
10
Suppose -4*k + 4 = -2*t, 3*k + 17 = 4*t - 0*k. Let x = t + -7. Let y = 4 - x. Calculate the remainder when 14 is divided by y.
2
Calculate the remainder when 41 is divided by (-18)/2*(-17 - -15).
5
Suppose 3*p = -p + 76. Let t = -18 + p. Suppose -n - 5 = -2*w, 2*n + 0*n = w + 2. Calculate the remainder when n is divided by t.
0
Let t = 10 - -12. Let k = 25 - t. What is the remainder when 6 is divided by k?
0
Let q(i) = -2*i + 22*i - 20 + 12 + 11. Calculate the remainder when q(3) is divided by 13.
11
Let v = -17 - -21. Suppose -o + v*o - 9 = 0. Suppose 29 = 2*m - 3*g, 0 = -m - o*m - 2*g + 66. What is the remainder when 30 is divided by m?
14
Suppose -102 = -5*x + 43. Calculate the remainder when ((-1008)/(-1176))/(3/392) is divided by x.
25
Let t(r) = -r**2 + 6*r + 3. Let c be t(7). Suppose 0 = -87*w + 2055 - 315. What is the remainder when (-2 - c)*(-59)/(-2) is divided by w?
19
Let s be (-718)/(2/(-2)*2). Suppose -s = -4*d + 3*x + 56, -d - 2*x = -112. Let c(q) = -q**2 + 12*q + 16. What is the remainder when d is divided by c(11)?
25
Suppose 4*j + 4*p = 1208, 26*j - 28*j - 5*p = -610. Calculate the remainder when j is divided by 74.
4
Suppose 0 = 201*y - 186*y - 1770. What is the remainder when y is divided by 25?
18
Suppose 0*f = -5*f + 3*d + 639, -f + 5*d = -141. What is the remainder when f is divided by 43?
40
Let r(i) = i**2 - 28*i + 163. What is the remainder when r(28) is divided by 59?
45
Let w(u) = u**3 + 8*u**2 + 5*u - 1. Let p be w(-7). Let x = p - -41. What is the remainder when x is divided by 14?
12
Suppose 3*z - 13*k - 129 = -18*k, -z - k = -45. Calculate the remainder when 107 is divided by z.
11
Suppose -4*o = 7*t - 5*t - 88, -t + 47 = 5*o. What is the remainder when 88 is divided by t?
4
Suppose -i - 8 = -4*q + 6, -3*i = 3*q - 3. Suppose q*w - 2*w = 20. What is the remainder when w is divided by 7?
6
Let p(i) = i**2 + 2*i + 6. Suppose -1 = -2*l + 29. Suppose 2*t + l = -3*t. Calculate the remainder when p(t) is divided by 4.
1
Suppose 0 = -57*y - 157 + 4318. Calculate the remainder when y is divided by 6.
1
Let f(u) = -2*u**3 + 30*u**2 + 32*u + 18. What is the remainder when 321 is divided by f(16)?
15
Let t = -54 + 64. Suppose -g = 3*h - 6*g - 71, -2*h + g = -52. Calculate the remainder when h is divided by t.
7
Let i(p) = p**2 + 25*p - 15. What is the remainder when 63 is divided by i(-26)?
8
Let w be 2/4 + 2/4. Let p = 4 - w. Suppose -4*t + b + b = -32, -3*t - p*b + 42 = 0. Calculate the remainder when 17 is divided by t.
7
Suppose 3 + 19 = 2*v. Suppose 3*o - 95 = 3*k - 44, -k = 5*o - 109. Calculate the remainder when o is divided by v.
10
Suppose 0 = -5*x + 4*a + 108, -x - 4*a = -6*a - 18. Let j = x + -13. Suppose b + 90 = -3*q + 119, 5*q = 2*b - 25. What is the remainder when b is divided by j?
9
What is the remainder when 197 - (6 + -1 + -10) is divided by 35?
27
Let n be (-3)/((-2)/(-8) + -1) + 0. Suppose -2*o + 8 = 0, -n*v + 3*o + o = 0. Calculate the remainder when v is divided by 4.
0
Suppose -m - 705 = -4*f, -3*f + f - 3*m + 335 = 0. What is the remainder when f is divided by 36?
31
Let b(z) = -z**3 - 3*z**2 + 5*z + 2. Let l be b(-3). Let f = 10 + l. Let o(s) = -8*s - 7. What is the remainder when o(f) is divided by 6?
5
Suppose x - r = 13 + 9, 0 = x - 5*r - 10. What is the remainder when 523 is divided by x?
23
Suppose 22*y = 758 - 32. What is the remainder when 227 is divided by y?
29
Let m = -515 - -843. Calculate the remainder when m is divided by 6.
4
Let u(y) = -y**2 + 9*y + 19. Calculate the remainder when 217 is divided by u(6).
32
Let n(b) = b**2 + 5*b + 4. Let z be 3 + 4 - 3 - 0. Suppose -p + 10 = z*f, -3*p - 2*f + 2 = 3*f. What is the remainder when 28 is divided by n(p)?
8
Suppose 3*g - 6*h + 2*h = 35, -4*g - h + 34 = 0. Suppose 3*x = 5*y + 13, -4*x = -x - y - 17. Calculate the remainder when g is divided by x.
3
What is the remainder when 154 is divided by 24*(58/6 + (-11 - -4))?
26
Let o = -20 - -82. Let b = -318 - -339. Calculate the remainder when o is divided by b.
20
Let j be (4/(-5))/(8/(-20)). Let a be -7 - 0/(1 + j). Let w = 19 + a. Calculate the remainder when 34 is divided by w.
10
Suppose 61*t = 11*t + 950. Calculate the remainder when 261 is divided by t.
14
Let w = 37 - 13. What is the remainder when w is divided by (33/55)/((-1)/(-5)) + 10?
11
Let w(t) = 20*t**2 - 7*t + 7. Calculate the remainder when 114 is divided by w(1).
14
Let g(q) = q - 2. Let y be g(4). Let x(n) = -n**3 + 0 + 0*n**2 + 3 + 1 - 5*n - 8*n**y. What is the remainder when x(-8) is divided by 23?
21
What is the remainder when -7 + 49/7 - -147 is divided by 37?
36
What is the remainder when 56 is divided by 1 + -8 + 108/48*4?
0
Suppose 9*g - 6 = 11*g. Let j = g + 33. What is the remainder when 86 is divided by j?
26
Let p be 550 + (2 - (-3 - -4)). Suppose 99 + p = 5*t. Let y = 82 - 49. What is the remainder when t is divided by y?
31
Let a(x) = -5*x - 1. Let y be a(4). Let f(c) = -c**3 - 19*c**2 + 40*c - 3. Calculate the remainder when f(y) is divided by 12.
3
Let z = 359 + -243. Calculate the remainder when z is divided by 15.
11
Suppose 3*v = -3*x - 34 + 697, 15 = 3*v. What is the remainder when x is divided by 61?
33
Let r = -111 + 149. Calculate the remainder when 78 is divided by r.
2
Let p = -42 + 61. Let b(c) = -c**2 + 21*c - 28. Calculate the remainder when b(p) is divided by 5.
0
Suppose 2*h - 2*o + 155 = 7*h, -4*o + 145 = 5*h. What is the remainder when h is divided by 22?
11
Let r = 271 - 257. Calculate the remainder when 250 is divided by r.
12
Suppose 0 = -k + 7*k + 60. Suppose -4*o + 1 - 81 = 0. Let w = k - o. What is the remainder when 59 is divided by w?
9
Suppose -316 - 279 = -7*q. Calculate the remainder when q is divided by 31.
23
Let f(g) = g**2 + g + 9. Let a(w) = 3*w - 18. Let n be a(7). Suppose -b + n*b - 68 = 0. What is the remainder when b is divided by f(0)?
7
Let g(h) = 2*h**2 - 20*h + 11. Let n be g(9). Calculate the remainder when 23 is divided by (-396)/(-63) - (-2)/n.
5
Let h = 6 + -3. Suppose -p - 31 = -2*o + 8, h*p = 2*o - 49. What is the remainder when o is divided by -7 + (-1)/((-12)/64)*3?
8
Let s = 379 - 374. Calculate the remainder when s is divided by 1.
0
Suppose 20 = -4*r + 5*r. Suppose -4*d = 11*l - 8*l - 337, 0 = 4*l + r. Calculate the remainder when d is divided by 18.
16
Calculate the remainder when (-2)/4*(-50)/(-5) + 62 is divided by 17.
6
Suppose -14*s - 146 = -888. Calculate the remainder when 2753 is divided by s.
50
Suppose 3*b - 29 = 46. Let o(q) = q**2 + 14*q + 2. Let v be o(-13). Let n = v + b. Calculate th